 u(s) = s**3 + 4*s**2 - 8*s - 7. Let i be u(-5). Suppose i - 78 = -2*j. Calculate the greatest common factor of j and o.
7
Let m be (-17)/(1/3*-1). Let w = 87 - m. Suppose -4*j = 3*u - w, -4*j - 4*u - 18 = -6*j. Calculate the highest common divisor of j and 81.
9
Let t be 0 + 18 + (4 - 2). Calculate the highest common factor of 160 and t.
20
Let u(d) = -3*d**2 + 3*d + 4. Let w(m) = m**2 - m - 1. Let l(n) = -u(n) - 2*w(n). Let k be l(4). What is the greatest common factor of k and 90?
10
Let t(u) be the second derivative of -u**3/3 + 3*u**2/2 - 2*u. Let i be t(5). Let f = 7 - i. What is the highest common factor of 98 and f?
14
Let q(z) = 10*z + 26. Let x be 1498/210 + (-4)/30. Let y be q(x). Suppose 0*o + 60 = 5*o. What is the highest common factor of y and o?
12
Let c = 78 - 59. What is the greatest common factor of c and 133?
19
Let k = 84 - 51. Calculate the highest common divisor of k and 11.
11
Suppose 11 = 3*t - t - n, 5*t = -4*n - 5. Suppose 2*a + t*a = 60. Calculate the highest common factor of a and 8.
4
Let y be 350/(-21)*((-1)/5 - 1). What is the highest common divisor of y and 50?
10
Suppose -m + 28 = 5*x, 8*x + m = 5*x + 16. What is the greatest common factor of x and 12?
6
Let t(m) = -2*m**2 + 24*m - 1. Let v be t(11). Calculate the greatest common divisor of 35 and v.
7
Suppose 4*b - 2*b = 3*a - 6, -3*a + 6 = 5*b. Suppose b*l + 7 = l. Let i = 130 + -88. What is the greatest common factor of i and l?
7
Suppose 2*c = -4*t - 18, -5*c - 1 - 34 = 5*t. Let q be 1*t*30/(-1). Let m = 2 + 10. Calculate the greatest common factor of q and m.
12
Let p(w) = 4*w**2 - 3*w**2 + 7*w - 3 - 3 - 5. Let v be p(11). Calculate the greatest common divisor of 17 and v.
17
Suppose 4*x = -54 + 1134. What is the highest common divisor of x and 30?
30
Suppose l = -11 + 116. Suppose -2*p = 3*p - 75. What is the highest common factor of l and p?
15
Let i(b) = -b**3 - 20*b**2 - 20*b - 16. Let a be i(-19). Calculate the highest common factor of a and 1.
1
Let a = 6 - -2. Calculate the highest common divisor of 8 and a.
8
Let r(p) = p - 2. Let g be r(4). Calculate the greatest common factor of 16 and g.
2
Suppose 2*d = -2*m + 5*m - 42, 5*d + 42 = 3*m. Calculate the greatest common factor of 14 and m.
14
Let o(k) = -k**2 - 5*k. Let p be o(-3). Suppose p*n - 110 = n. Let w be (-6)/(0 - (-2)/(-11)). What is the highest common factor of n and w?
11
Let z = 36 + -52. Suppose 104 = -0*h - 4*h. Let g = z - h. Calculate the highest common divisor of g and 30.
10
Let y be (3 - (-7 + 3)) + (1 - 1). Calculate the highest common factor of 21 and y.
7
Suppose 0*f - 5*f = -10. Suppose 28 = -f*z + 4*z. Calculate the highest common factor of z and 98.
14
Suppose 0 = -2*c + 3*q + 102, 2*c + 3*q - 88 = -q. Calculate the highest common divisor of c and 120.
24
Suppose -2*u = -2*r - 1 - 1, 0 = r + 2*u - 14. Calculate the highest common divisor of 1 and r.
1
Suppose 18 = 3*m - 2*m. Let c = -49 - -76. What is the greatest common factor of c and m?
9
Let s = -22 + 16. Let b be 46 - (s - -3)*1. What is the highest common factor of b and 7?
7
Suppose 6 = 4*q - 26. What is the greatest common divisor of q and 48?
8
Let v = 1 + 1. Suppose 3*m - 111 = -v*s, 4*m - 3*m = -2*s + 41. What is the highest common factor of 5 and m?
5
Let m(t) = -t**3 - 34*t**2 - 33*t + 8. Let y be m(-33). Let j = 4 - 0. What is the greatest common factor of j and y?
4
Suppose -3*c + 96 = c. Let u = c + -13. Suppose 0 = 4*n + 3*g - 132, 2*g = -2*n + 3*g + 66. What is the greatest common divisor of u and n?
11
Let n be ((-7335)/18)/(2/4). Let y be n/(-35) - (-4)/(-14). Calculate the highest common factor of y and 115.
23
Let f(u) = -u**3 + 8*u**2 - 7*u + 4. Let l = -8 + 13. Let m be f(l). Let j = 22 - 11. Calculate the greatest common divisor of m and j.
11
Let j be (-1)/(-2) + 2511/6. Let x = j + -232. Let w(g) = g**2 - 21*g + 17. Let a be w(21). Calculate the highest common factor of a and x.
17
Suppose -2*k + 4 = -0, 4*v + k = 534. Calculate the highest common factor of v and 19.
19
Let y = 133 + -9. Calculate the greatest common divisor of y and 31.
31
Suppose 0 = -2*i + 6 - 2. Let j be (1 + -6 + -1)/(-1). What is the highest common factor of i and j?
2
Let z = -3 + 3. Suppose z = 2*i + s, 3*i - 3*s - 26 = 2*s. Let r(w) = -w**2 + 7*w + 6. Let n be r(7). Calculate the highest common divisor of n and i.
2
Let g = -2 - -6. Suppose -9 = g*u - 7*u. Suppose 0 = 3*j - 4*j - 2, -u*j + 49 = 5*t. Calculate the highest common divisor of t and 44.
11
Suppose 4*c = 3*c + 391. Suppose 5*h - c = 214. What is the highest common factor of h and 11?
11
Let r(u) = 7*u - 7. Let q be r(5). Suppose -6*j = -j - 35. Calculate the highest common factor of q and j.
7
Let o(x) = 85*x**3 - x**2. Let j be o(1). Suppose 5*v = -0*t + 2*t - 81, -2*t = -3*v - 51. Let w = v - -27. Calculate the highest common factor of w and j.
12
Let w be 128/22 - 16/(-88). Let u(n) = -24*n. Let j be u(-2). Calculate the greatest common divisor of j and w.
6
Let n = -49 + 69. Suppose 3*b - n = -b. Calculate the highest common factor of 45 and b.
5
Let f = 8 - 13. Let z be 1/(-2) - f/2. Suppose -g - 121 = j - z*j, -g - 499 = -4*j. Calculate the greatest common factor of j and 14.
14
Suppose 4*k - 3*w + 27 = 108, 3*k = 3*w + 63. Calculate the greatest common factor of k and 54.
18
Let p(i) = -2*i**3 - 12*i**2 - 16*i - 7. Let f be p(-7). What is the greatest common factor of 29 and f?
29
Suppose 5*f - 106 + 21 = 0. Calculate the greatest common factor of 119 and f.
17
Suppose 5*t + 0*t - u = -47, -4*t - 4*u - 52 = 0. Let l = 18 + t. What is the greatest common divisor of l and 1?
1
Suppose -5*j = -0*j - 3*g - 76, -5*j = g - 68. Suppose j = -2*w + 52. Calculate the greatest common divisor of w and 76.
19
Let v be (2/(-4))/((-2)/24). Let u(t) = t**2 - 4*t - 1. Let q be u(5). Let r be (2 - (0 + 0)) + q. Calculate the highest common factor of v and r.
6
Let g = 26 - -6. Let f = g + -14. Let h be -1 + 127 + 0/2. Calculate the greatest common factor of f and h.
18
Suppose 0*b = -5*b + 75. Let a(k) = 6*k**2. Let l be a(-1). Calculate the greatest common factor of l and b.
3
Suppose 4*m = -4*y, 0 = -2*y - 3*y + 4*m + 36. Calculate the greatest common divisor of 4 and y.
4
Suppose 3*l = 4*l - 63. Suppose -7*q = -32 - 17. What is the highest common factor of l and q?
7
Suppose 2*h - 3*d = 6, 3*d = 4*h - 0*h - 18. What is the highest common factor of 54 and h?
6
Suppose 5 = -5*g + 4*q - 9*q, 0 = 3*g + 5*q + 9. Let f(i) = i**3 + 17*i**2 + 17*i + 17. Let w be f(-16). Calculate the highest common divisor of w and g.
1
Suppose -3*a - 3 + 39 = 0. Suppose 5*x - 14 - 26 = 0. Calculate the highest common divisor of a and x.
4
Let m = 27 + -19. Let y = -5 + m. Suppose 52 + 212 = y*f. Calculate the greatest common divisor of f and 11.
11
Let y be (-1 + -17)/(-2) + 0. Suppose -2*n = -45 - 9. What is the greatest common factor of y and n?
9
Suppose 0 = 4*d + 2*f - 27 - 37, d - 22 = f. Suppose 2*i - 10 = d. Calculate the greatest common divisor of 21 and i.
7
Let p(l) = l**3 + 2*l**3 - 4*l**3 + 10*l**2 + 3 + 11*l. Let i be p(11). What is the highest common divisor of 27 and i?
3
Let r(f) = -f**2 - 9*f - 9. Let m be r(-7). Calculate the greatest common divisor of m and 20.
5
Let t = -8 - -10. Suppose -3*f + 3*n + 19 = t*n, 2 = n. Calculate the highest common divisor of 77 and f.
7
Let g(o) = -o - 1. Let n be g(-4). Let j be (14/n)/(3/54). Calculate the highest common divisor of j and 12.
12
Let a(o) = -o + 2. Let q be a(-4). Let b(h) = 2*h - 2. Let w be b(q). Calculate the greatest common factor of 4 and w.
2
Let u be (-1 + 0)*(-1 + -1). Suppose 3*s = -3, 0*m + 4*s = -u*m + 410. What is the highest common factor of 23 and m?
23
Let v(n) = -n**2 - 10*n - 12. Let s be v(-8). Let b be 3/s - 4/(-16). Calculate the greatest common divisor of 11 and b.
1
Suppose 0 = -2*z + 3*z - 11. Let j(n) = -n**3 + 11*n**2 + 4*n + 1. Let d be j(z). What is the highest common divisor of 15 and d?
15
Let z = -7 - -25. Let m(c) = c**2 + c + 72. Let v be m(0). Calculate the greatest common divisor of z and v.
18
Let y(v) = v**2 - v - 18. Let j be y(0). Let g be (-4)/j + 6219/81. Calculate the greatest common divisor of 7 and g.
7
Suppose -5 = -b, 5*f + 3*b + 77 = 347. Let o = -31 + f. What is the greatest